 5745101?
5744423
In base 14, what is 45 + 43a88?
43acd
In base 2, what is 11 + -101110000010011111111010110?
-101110000010011111111010011
In base 5, what is -20422 + -2444214?
-3020141
In base 14, what is -7 - 161b22?
-161b29
In base 14, what is -3 + -1ad55ca?
-1ad55cd
In base 11, what is -17a0 + 15a5?
-1a6
In base 11, what is 32781252 + 8?
3278125a
In base 11, what is 1221 - 7857?
-6636
In base 10, what is -2 + 39281775?
39281773
In base 13, what is 3a81 - 1074?
2a0a
In base 13, what is -5 + -52ccb2?
-52ccb7
In base 5, what is 100323422 + 123?
100324100
In base 5, what is -13334342 + -10?
-13334402
In base 15, what is 8aeacb8e - -3?
8aeacb92
In base 4, what is -123231212312 + -10?
-123231212322
In base 14, what is -89216da + -5?
-8921701
In base 14, what is -4 - aabda?
-aac00
In base 16, what is -1b + 5614d?
56132
In base 4, what is -11 + -3032101111233?
-3032101111310
In base 16, what is 33b + -ba7c?
-b741
In base 8, what is 13 - 13570212?
-13570177
In base 4, what is -330 + -10213122313?
-10213123303
In base 10, what is -2 - 22028862?
-22028864
In base 11, what is 8aa07628 + -5?
8aa07623
In base 7, what is 256 + -164221?
-163632
In base 9, what is 852 + -414145?
-413183
In base 7, what is 5 - -23164260?
23164265
In base 14, what is -3068617 + 3?
-3068614
In base 9, what is -3341 - 58112?
-62453
In base 13, what is -3c + 643755a?
643751b
In base 5, what is -13420 - -1024230?
1010310
In base 16, what is 173b8 - -73?
1742b
In base 13, what is -c0593 + 34b?
-c0245
In base 11, what is -25 + -1713114?
-1713139
In base 8, what is -2244721372 - 1?
-2244721373
In base 15, what is -1 + 3782db?
3782da
In base 5, what is -11 - -434421042?
434421031
In base 12, what is 30a09 + 1ba?
31007
In base 2, what is -10100000000110 + -10100000001101?
-101000000010011
In base 4, what is 130 - -201012132?
201012322
In base 2, what is -10100101110100001011100101110 - -101?
-10100101110100001011100101001
In base 13, what is 359a + -13ac?
21bb
In base 10, what is -5861479 + 3?
-5861476
In base 15, what is -8 - -18eb10?
18eb07
In base 5, what is -4 + -1123343114332?
-1123343114341
In base 6, what is -30511445 - 53?
-30511542
In base 12, what is -156 + -300a65?
-300bbb
In base 10, what is 1 - -62824882?
62824883
In base 6, what is 10313 + 150150?
200503
In base 14, what is -c - -7392c9?
7392bb
In base 4, what is 10312011020 + 2?
10312011022
In base 2, what is -110000011100011000101111 - 101001?
-110000011100011001011000
In base 9, what is 76848 - 1264?
75574
In base 15, what is 4564 - ad?
44a6
In base 9, what is -2 + -133850?
-133852
In base 15, what is -39 + -10773a?
-107774
In base 14, what is 251 - -373c?
398d
In base 16, what is 12 - -2ba069?
2ba07b
In base 13, what is -2963 + -329?
-2c8c
In base 5, what is -11 + -44204220?
-44204231
In base 7, what is -20461134 - -4?
-20461130
In base 8, what is -66773235 + 0?
-66773235
In base 11, what is -35 + -101235a?
-1012394
In base 12, what is -8 + 53b500?
53b4b4
In base 14, what is -a7332b2 - -10?
-a7332a2
In base 6, what is 1232552042 - -5?
1232552051
In base 7, what is -221120421 - -20?
-221120401
In base 15, what is -242010 + 159?
-241da6
In base 5, what is -330 + 4223032211?
4223031331
In base 11, what is 23992 - 6490?
18502
In base 11, what is 3655a2 + 613?
366105
In base 15, what is -2 + 221e162?
221e160
In base 13, what is -15b + -a42689?
-a42817
In base 2, what is -101 + -10010101001001000011100000?
-10010101001001000011100101
In base 12, what is -8 - -368b082?
368b076
In base 2, what is -10000111000110111011 - 1000110?
-10000111001000000001
In base 13, what is -c3123c7 - 2?
-c3123c9
In base 2, what is -110000100 + 1110001001010?
1101011000110
In base 11, what is -1 + 29909364?
29909363
In base 10, what is -365 - -11539?
11174
In base 16, what is 37408 - 2b4?
37154
In base 2, what is -1110010010010011 - -10101010000?
-1101111101000011
In base 12, what is 2b45 + -a958?
-7a13
In base 5, what is 13 + 32014443443?
32014444011
In base 9, what is 1027056 + -21?
1027035
In base 13, what is -101b1431 + -3?
-101b1434
In base 12, what is -9167471 - -b?
-9167462
In base 12, what is -7069602 + -1?
-7069603
In base 9, what is 108023 - 5154?
102758
In base 3, what is -20120110212010111112 - 1?
-20120110212010111120
In base 16, what is 17389 + 152c?
188b5
In base 9, what is 41825 + 387?
42323
In base 16, what is -10d8b0 - -7?
-10d8a9
In base 16, what is 2d9b6dcd - -4?
2d9b6dd1
In base 11, what is 150a5123 - 6?
150a5118
In base 3, what is 2001000 + -20211210?
-11210210
In base 16, what is 2 - 3d7753?
-3d7751
In base 12, what is 133839 + 26?
133863
In base 4, what is -3102 - -232210122?
232201020
In base 16, what is -d - -58ce89?
58ce7c
In base 10, what is 72104 + 511?
72615
In base 11, what is 2243a + -4a8?
21a42
In base 12, what is 31 + 73545?
73576
In base 15, what is 1e963c + -201?
1e943b
In base 8, what is -4 + -535303661?
-535303665
In base 6, what is 41022443 - 22?
41022421
In base 3, what is 112 - 100211001002?
-100211000120
In base 16, what is 5 + -29382cf?
-29382ca
In base 5, what is 134 - -422144223?
422144412
In base 3, what is 221021111122110 - -101?
221021111122211
In base 6, what is 301 + -242403225?
-242402524
In base 2, what is 10100011111 - -10000010110101010101?
10000011001001110100
In base 6, what is -15 - -4353521413?
4353521354
In base 8, what is 443254250 - 0?
443254250
In base 4, what is -223 + 101132000223?
101132000000
In base 3, what is -1012022220101202 - 0?
-1012022220101202
In base 4, what is -1012113323301 - 3?
-1012113323310
In base 9, what is -54511 + 268?
-54232
In base 7, what is 13202102 - -233?
13202335
In base 11, what is 303aaa8 - 2?
303aaa6
In base 7, what is 6365235 + -5?
6365230
In base 14, what is -cc036 - 108?
-cc140
In base 14, what is 226445 - -5d?
2264a4
In base 6, what is 12403243 - 43?
12403200
In base 2, what is -1 + -11111001000100001111000100?
-11111001000100001111000101
In base 9, what is -3 + -105713380?
-105713383
In base 13, what is 947 - 4a77?
-4130
In base 4, what is -111 + 13301232323?
13301232212
In base 12, what is -7 - 175a7?
-175b2
In base 12, what is -4519 + 160?
-4379
In base 8, what is 3 - -12611071?
12611074
In base 2, what is 100111000011010 + 10110110011?
101001111001101
In base 10, what is -17841 + -61?
-17902
In base 6, what is 113 - -54043?
54200
In base 13, what is 38 + -24929b?
-249263
In base 12, what is 883 + 501?
1184
In base 16, what is 0 - -367afe2?
367afe2
In base 7, what is -4 - 1421612564?
-1421612601
In base 4, what is 311 + 103233322?
103300233
In base 11, what is -18 + 22623?
22606
In base 7, what is -115315132 - 10?
-115315142
In base 6, what is 10203133 - 21154?
10141535
In base 15, what is 3b4386 - 32?
3b4354
In base 10, what is 11968123 + 4?
11968127
In base 7, what is 1352 - 1166106?
-1164424
In base 4, what is -223033233231 - -3?
-223033233222
In base 16, what is 0 + -14a29e7?
-14a29e7
In base 14, what is 16a2 - 893?
c0d
In base 12, what is -2471 + -526?
-2997
In base 16, what is e9 + -2820c?
-28123
In base 12, what is -1a5 - 3984?
-3b69
In base 14, what is -13b37ac - 4?
-13b37b2
In base 12, what is -b393875 + 1?
-b393874
In base 11, what is -14015 + 2083?
-11a42
In base 2, what is -1000100000011100 - 1110001100?
-1000101110101000
In base 5, what is -101 + -2301333414?
-2301334020
In base 13, what is -8 + 6b50c?
6b504
In base 10, what is -64 + 464912?
464848
In base 3, what is -111 - -2011102122111?
2011102122000
In base 9, what is -74 + 12685?
12611
In base 16, what is 1 + 6dc5fd?
6dc5fe
In base 15, what is -44 - -a2a31?
a29dc
In base 12, what is 6732 + -22?
6710
In base 15, what is -10 - 78833?
-78843
In base 12, what is -119 + 2959?
2840
In base 2, what is 11101010010101 + 1110110001?
11111001000110
In base 4, what is 11120200 - 1302013?
3212121
In base 8, what is -7727562 + -2?
-7727564
In base 12, what is -74b32 - -902?
-74230
In base 10, what is 854 + -3278?
-2424
In base 13, what is 2c6 + 1020?
1316
In base 15, what is c1c723 - -16?
c1c739
In base 3, what is 10 + 2011010111111201?
2011010111111211
In base 6, what is -2 - -104111345?
104111343
In base 6, what is 4452005542 - 5?
4452005533
In base 12, what is -88042 + 37?
-88007
In base 3, what is 211 - -12011111212?
12011112200
In base 10, what is 235098224 - 5?
235098219
In base 1